nd 1533.
21
Calculate the highest common factor of 6 and 309.
3
Calculate the highest common factor of 344 and 4300.
172
Calculate the highest common factor of 741 and 156.
39
Calculate the highest common divisor of 2972 and 8.
4
What is the greatest common divisor of 120 and 735?
15
What is the greatest common factor of 325 and 5330?
65
What is the highest common divisor of 135 and 7317?
27
Calculate the highest common divisor of 70 and 150.
10
Calculate the highest common factor of 518 and 98.
14
What is the highest common factor of 975 and 30?
15
Calculate the highest common factor of 14 and 4046.
14
Calculate the highest common factor of 10 and 19790.
10
Calculate the highest common divisor of 4 and 19.
1
Calculate the highest common factor of 1778 and 14.
14
What is the highest common factor of 17480 and 304?
152
Calculate the highest common factor of 948 and 204.
12
What is the greatest common factor of 1965 and 80?
5
What is the highest common factor of 90 and 1530?
90
Calculate the greatest common factor of 7 and 763.
7
Calculate the highest common divisor of 664 and 176.
8
Calculate the greatest common factor of 171 and 95.
19
What is the highest common divisor of 76 and 3439?
19
Calculate the greatest common factor of 48 and 64.
16
What is the highest common divisor of 55 and 57860?
55
Calculate the highest common divisor of 3211 and 2366.
169
Calculate the greatest common divisor of 70 and 84.
14
What is the greatest common divisor of 128 and 12736?
64
What is the greatest common divisor of 60 and 15?
15
Calculate the highest common divisor of 5320 and 112.
56
Calculate the highest common divisor of 176 and 16.
16
Calculate the greatest common factor of 1628 and 572.
44
What is the greatest common divisor of 5481 and 189?
189
What is the highest common factor of 1606 and 66?
22
Calculate the greatest common factor of 966 and 1.
1
Calculate the greatest common divisor of 20 and 485.
5
Calculate the greatest common divisor of 1634 and 76.
38
What is the greatest common divisor of 63 and 99?
9
What is the greatest common divisor of 105 and 15?
15
Calculate the greatest common factor of 36 and 4.
4
What is the highest common factor of 3 and 6624?
3
What is the highest common factor of 15 and 245?
5
Calculate the highest common divisor of 16 and 368.
16
Calculate the greatest common factor of 240 and 270.
30
What is the highest common factor of 3427 and 253?
23
What is the greatest common divisor of 84 and 1652?
28
Calculate the greatest common factor of 70 and 2240.
70
What is the greatest common divisor of 425 and 11985?
85
Calculate the greatest common factor of 15 and 6245.
5
What is the greatest common factor of 192 and 534?
6
Calculate the greatest common divisor of 115 and 5957.
23
What is the highest common factor of 16 and 16?
16
What is the greatest common divisor of 507 and 39?
39
What is the highest common divisor of 5726 and 70?
14
Calculate the greatest common divisor of 23 and 943.
23
Calculate the highest common factor of 54 and 31248.
18
What is the highest common factor of 7227 and 594?
99
Calculate the highest common divisor of 452 and 4.
4
Calculate the highest common factor of 348 and 14181.
87
What is the highest common divisor of 3304 and 16?
8
What is the greatest common divisor of 9485 and 35?
35
Calculate the greatest common divisor of 1302 and 7.
7
Calculate the greatest common factor of 266 and 8512.
266
What is the greatest common divisor of 48 and 924?
12
What is the highest common divisor of 145 and 87?
29
What is the greatest common factor of 1648 and 103?
103
What is the greatest common factor of 6 and 75?
3
Calculate the highest common factor of 405 and 120.
15
Calculate the greatest common factor of 286 and 65.
13
Calculate the greatest common factor of 54 and 864.
54
Calculate the highest common divisor of 644 and 84.
28
What is the greatest common divisor of 4 and 4?
4
What is the highest common factor of 40437 and 9?
9
Calculate the highest common divisor of 8 and 27.
1
What is the highest common factor of 840 and 9480?
120
What is the greatest common divisor of 320 and 50?
10
What is the greatest common divisor of 133 and 247?
19
What is the greatest common factor of 29 and 29?
29
Calculate the greatest common factor of 252 and 819.
63
Calculate the highest common factor of 99 and 187.
11
Calculate the highest common divisor of 15 and 705.
15
Calculate the greatest common divisor of 16238 and 23.
23
What is the highest common factor of 19 and 817?
19
Calculate the greatest common factor of 540 and 45.
45
What is the greatest common divisor of 37024 and 96?
32
What is the greatest common factor of 275 and 176?
11
Calculate the greatest common factor of 957 and 66.
33
Calculate the highest common factor of 109 and 1.
1
What is the highest common factor of 1271 and 31?
31
Calculate the highest common factor of 868 and 224.
28
What is the highest common divisor of 8 and 17?
1
What is the highest common divisor of 5755 and 5?
5
Calculate the greatest common factor of 645 and 15.
15
Calculate the highest common divisor of 430 and 190.
10
What is the highest common divisor of 4 and 2526?
2
Calculate the highest common divisor of 64 and 56.
8
What is the highest common factor of 122 and 27999?
61
What is the greatest common divisor of 3535 and 202?
101
What is the highest common divisor of 86 and 430?
86
What is the highest common divisor of 17 and 2210?
17
Calculate the greatest common divisor of 232 and 1096.
8
Calculate the greatest common divisor of 7440 and 15.
15
What is the highest common factor of 2559 and 3?
3
Calculate the greatest common factor of 41 and 41.
41
What is the highest common factor of 18 and 6?
6
What is the greatest common divisor of 12 and 708?
12
What is the greatest common factor of 4012 and 17?
17
Calculate the highest common divisor of 96 and 2136.
24
What is the highest common divisor of 91 and 65?
13
What is the greatest common divisor of 1156 and 102?
34
Calculate the greatest common divisor of 60 and 132.
12
What is the highest common factor of 1296 and 48?
48
Calculate the greatest common factor of 395 and 316.
79
What is the greatest common divisor of 768 and 1408?
128
What is the greatest common divisor of 21 and 2100?
21
Calculate the greatest common divisor of 56916 and 51.
51
What is the greatest common divisor of 705 and 15?
15
Calculate the highest common factor of 4593 and 3.
3
What is the greatest common divisor of 11 and 5951?
11
What is the greatest common divisor of 2460 and 8?
4
What is the greatest common factor of 1947 and 1062?
177
Calculate the highest common factor of 552 and 84.
12
Calculate the greatest common factor of 351 and 459.
27
What is the greatest common factor of 28 and 112?
28
Calculate the highest common divisor of 52 and 299.
13
What is the highest common divisor of 158 and 57986?
158
What is the highest common divisor of 158 and 56?
2
Calculate the highest common factor of 624 and 325.
13
What is the greatest common factor of 225 and 12?
3
What is the highest common divisor of 161 and 6923?
161
What is the highest common factor of 4699 and 127?
127
Calculate the highest common factor of 124 and 93.
31
Calculate the highest common divisor of 195 and 5135.
65
Calculate the highest common factor of 12375 and 135.
45
What is the highest common divisor of 486 and 8424?
162
Calculate the highest common divisor of 511 and 803.
73
What is the greatest common factor of 140 and 6335?
35
Calculate the greatest common factor of 56 and 17752.
56
What is the highest common factor of 245 and 644?
7
What is the greatest common factor of 217 and 693?
7
Calculate the greatest common divisor of 6026 and 46.
46
Calculate the highest common factor of 12 and 8.
4
What is the greatest common divisor of 170 and 19210?
170
What is the greatest common divisor of 49373 and 1018?
509
What is the greatest common divisor of 10830 and 95?
95
Calculate the greatest common divisor of 15 and 6555.
15
What is the highest common divisor of 121 and 22?
11
What is the greatest common factor of 1017 and 2373?
339
Calculate the greatest common divisor of 36 and 657.
9
What is the greatest common divisor of 14 and 322?
14
Calculate the highest common factor of 29 and 1.
1
Ca